{"id":389,"date":"2023-02-16T00:08:31","date_gmt":"2023-02-15T21:08:31","guid":{"rendered":"https:\/\/bingolosb.org.tr\/wp\/?page_id=389"},"modified":"2023-03-17T15:01:53","modified_gmt":"2023-03-17T12:01:53","slug":"arsa-talep-dilekce-formu","status":"publish","type":"page","link":"https:\/\/bingolosb.org.tr\/?page_id=389","title":{"rendered":"Arsa Talep Dilek\u00e7e Formu"},"content":{"rendered":"\n<h2 class=\"wp-block-heading\">M\u00fcracaat Formu<\/h2>\n\n\n\n<div class=\"wp-block-file\"><object class=\"wp-block-file__embed\" data=\"https:\/\/bingolosb.org.tr\/wp-content\/uploads\/2023\/03\/BINGOL-OSB-ORNEK-MURAAT-DOSYASI-EMRULLAH-ABI.pdf\" type=\"application\/pdf\" style=\"width:100%;height:600px\" aria-label=\"BINGOL-OSB-ORNEK-MURAAT-DOSYASI-EMRULLAH-ABI g\u00f6m\u00fcs\u00fc.\"><\/object><a id=\"wp-block-file--media-8a1680e5-939f-4245-8eec-257bf2704397\" href=\"https:\/\/bingolosb.org.tr\/wp-content\/uploads\/2023\/03\/BINGOL-OSB-ORNEK-MURAAT-DOSYASI-EMRULLAH-ABI.pdf\">BINGOL-OSB-ORNEK-MURAAT-DOSYASI-EMRULLAH-ABI<\/a><a href=\"https:\/\/bingolosb.org.tr\/wp-content\/uploads\/2023\/03\/BINGOL-OSB-ORNEK-MURAAT-DOSYASI-EMRULLAH-ABI.pdf\" class=\"wp-block-file__button wp-element-button\" download aria-describedby=\"wp-block-file--media-8a1680e5-939f-4245-8eec-257bf2704397\">\u0130ndir<\/a><\/div>\n","protected":false},"excerpt":{"rendered":"<p>M\u00fcracaat Formu<\/p>\n","protected":false},"author":1,"featured_media":0,"parent":0,"menu_order":0,"comment_status":"closed","ping_status":"closed","template":"","meta":[],"aioseo_notices":[],"_links":{"self":[{"href":"https:\/\/bingolosb.org.tr\/index.php?rest_route=\/wp\/v2\/pages\/389"}],"collection":[{"href":"https:\/\/bingolosb.org.tr\/index.php?rest_route=\/wp\/v2\/pages"}],"about":[{"href":"https:\/\/bingolosb.org.tr\/index.php?rest_route=\/wp\/v2\/types\/page"}],"author":[{"embeddable":true,"href":"https:\/\/bingolosb.org.tr\/index.php?rest_route=\/wp\/v2\/users\/1"}],"replies":[{"embeddable":true,"href":"https:\/\/bingolosb.org.tr\/index.php?rest_route=%2Fwp%2Fv2%2Fcomments&post=389"}],"version-history":[{"count":8,"href":"https:\/\/bingolosb.org.tr\/index.php?rest_route=\/wp\/v2\/pages\/389\/revisions"}],"predecessor-version":[{"id":851,"href":"https:\/\/bingolosb.org.tr\/index.php?rest_route=\/wp\/v2\/pages\/389\/revisions\/851"}],"wp:attachment":[{"href":"https:\/\/bingolosb.org.tr\/index.php?rest_route=%2Fwp%2Fv2%2Fmedia&parent=389"}],"curies":[{"name":"wp","href":"https:\/\/api.w.org\/{rel}","templated":true}]}}