{"id":789,"date":"2023-03-16T14:01:58","date_gmt":"2023-03-16T11:01:58","guid":{"rendered":"https:\/\/bingolosb.org.tr\/?page_id=789"},"modified":"2026-01-30T15:59:02","modified_gmt":"2026-01-30T12:59:02","slug":"mutesbbis-kurulu","status":"publish","type":"page","link":"https:\/\/bingolosb.org.tr\/?page_id=789","title":{"rendered":"M\u00fcte\u015fbbis Kurulu"},"content":{"rendered":"\n<figure class=\"wp-block-table\"><table><tbody><tr><td><strong>M\u00dcTE\u015eEBB\u0130S HEYET<\/strong> <strong>ASIL \u00dcYELER<\/strong><\/td><\/tr><tr><td>1-Cahit \u00c7EL\u0130K\u00a0 (B\u015fk.)<\/td><\/tr><tr><td>2-Kadir \u00c7\u0130NTAY (B\u015fk.Vek.)<\/td><\/tr><tr><td>3-Erdal ARIKAN<\/td><\/tr><tr><td>4-Orhan BOZGAN<\/td><\/tr><tr><td>5-Oktay SEV\u0130N<\/td><\/tr><tr><td>6- Enes \u00dc\u00c7G\u00dcL<\/td><\/tr><tr><td>7- Halim AS\u0130LKAN<\/td><\/tr><tr><td>8- Yakup KARAG\u00d6Z<\/td><\/tr><tr><td>9- S\u00fcheyl TU\u011e<\/td><\/tr><tr><td>10- Cezayir G\u0130RG\u0130N<\/td><\/tr><tr><td>11- Riyad USLU<\/td><\/tr><tr><td>12- Nurettin DEM\u0130R<\/td><\/tr><tr><td>13- Nas\u0131r \u00d6NAL<\/td><\/tr><tr><td>14- Hasan BAYRAM<\/td><\/tr><tr><td>15- Enver BOLLUK<\/td><\/tr><\/tbody><\/table><\/figure>\n","protected":false},"excerpt":{"rendered":"<p>M\u00dcTE\u015eEBB\u0130S HEYET ASIL \u00dcYELER 1-Cahit \u00c7EL\u0130K\u00a0 (B\u015fk.) 2-Kadir \u00c7\u0130NTAY (B\u015fk.Vek.) 3-Erdal ARIKAN 4-Orhan BOZGAN 5-Oktay SEV\u0130N 6- Enes \u00dc\u00c7G\u00dcL 7- Halim AS\u0130LKAN 8- Yakup KARAG\u00d6Z 9- S\u00fcheyl TU\u011e 10- Cezayir G\u0130RG\u0130N 11- Riyad USLU 12- Nurettin DEM\u0130R 13- Nas\u0131r \u00d6NAL 14- Hasan BAYRAM 15- Enver BOLLUK<\/p>\n","protected":false},"author":1,"featured_media":0,"parent":0,"menu_order":0,"comment_status":"closed","ping_status":"closed","template":"","meta":[],"aioseo_notices":[],"_links":{"self":[{"href":"https:\/\/bingolosb.org.tr\/index.php?rest_route=\/wp\/v2\/pages\/789"}],"collection":[{"href":"https:\/\/bingolosb.org.tr\/index.php?rest_route=\/wp\/v2\/pages"}],"about":[{"href":"https:\/\/bingolosb.org.tr\/index.php?rest_route=\/wp\/v2\/types\/page"}],"author":[{"embeddable":true,"href":"https:\/\/bingolosb.org.tr\/index.php?rest_route=\/wp\/v2\/users\/1"}],"replies":[{"embeddable":true,"href":"https:\/\/bingolosb.org.tr\/index.php?rest_route=%2Fwp%2Fv2%2Fcomments&post=789"}],"version-history":[{"count":4,"href":"https:\/\/bingolosb.org.tr\/index.php?rest_route=\/wp\/v2\/pages\/789\/revisions"}],"predecessor-version":[{"id":1876,"href":"https:\/\/bingolosb.org.tr\/index.php?rest_route=\/wp\/v2\/pages\/789\/revisions\/1876"}],"wp:attachment":[{"href":"https:\/\/bingolosb.org.tr\/index.php?rest_route=%2Fwp%2Fv2%2Fmedia&parent=789"}],"curies":[{"name":"wp","href":"https:\/\/api.w.org\/{rel}","templated":true}]}}